 when 89 is divided by 21.
5
What is the remainder when 356 is divided by 30?
26
What is the remainder when 192 is divided by 64?
0
What is the remainder when 1276 is divided by 20?
16
What is the remainder when 5924 is divided by 5923?
1
What is the remainder when 190 is divided by 49?
43
Calculate the remainder when 157 is divided by 29.
12
What is the remainder when 3591 is divided by 62?
57
Calculate the remainder when 515 is divided by 11.
9
What is the remainder when 97 is divided by 79?
18
Calculate the remainder when 1671 is divided by 62.
59
Calculate the remainder when 56 is divided by 4.
0
What is the remainder when 534 is divided by 116?
70
What is the remainder when 2947 is divided by 980?
7
What is the remainder when 1822 is divided by 73?
70
What is the remainder when 380 is divided by 65?
55
What is the remainder when 292 is divided by 21?
19
Calculate the remainder when 2308 is divided by 33.
31
Calculate the remainder when 7262 is divided by 173.
169
What is the remainder when 57 is divided by 21?
15
Calculate the remainder when 58 is divided by 37.
21
Calculate the remainder when 378 is divided by 98.
84
Calculate the remainder when 129 is divided by 45.
39
What is the remainder when 921 is divided by 44?
41
What is the remainder when 491 is divided by 16?
11
What is the remainder when 381 is divided by 96?
93
Calculate the remainder when 925 is divided by 116.
113
Calculate the remainder when 2040 is divided by 678.
6
What is the remainder when 3915 is divided by 22?
21
What is the remainder when 22884 is divided by 199?
198
Calculate the remainder when 574 is divided by 9.
7
Calculate the remainder when 1134 is divided by 286.
276
What is the remainder when 1936 is divided by 67?
60
What is the remainder when 2162 is divided by 98?
6
Calculate the remainder when 201 is divided by 17.
14
Calculate the remainder when 73 is divided by 4.
1
What is the remainder when 709 is divided by 10?
9
Calculate the remainder when 32590 is divided by 84.
82
What is the remainder when 978 is divided by 487?
4
What is the remainder when 1363 is divided by 62?
61
Calculate the remainder when 3444 is divided by 128.
116
What is the remainder when 10055 is divided by 21?
17
What is the remainder when 302 is divided by 19?
17
What is the remainder when 5830 is divided by 17?
16
What is the remainder when 206 is divided by 18?
8
What is the remainder when 70 is divided by 13?
5
What is the remainder when 555 is divided by 28?
23
What is the remainder when 371 is divided by 12?
11
Calculate the remainder when 570 is divided by 31.
12
What is the remainder when 2536 is divided by 47?
45
Calculate the remainder when 89 is divided by 24.
17
Calculate the remainder when 3529 is divided by 33.
31
What is the remainder when 1857 is divided by 1857?
0
What is the remainder when 133 is divided by 7?
0
Calculate the remainder when 8306 is divided by 39.
38
Calculate the remainder when 510 is divided by 64.
62
Calculate the remainder when 6969 is divided by 170.
169
Calculate the remainder when 255 is divided by 10.
5
Calculate the remainder when 215 is divided by 104.
7
Calculate the remainder when 64 is divided by 5.
4
Calculate the remainder when 257 is divided by 65.
62
What is the remainder when 1727 is divided by 158?
147
What is the remainder when 8641 is divided by 67?
65
What is the remainder when 233 is divided by 13?
12
What is the remainder when 94 is divided by 14?
10
What is the remainder when 1363 is divided by 117?
76
What is the remainder when 358 is divided by 60?
58
Calculate the remainder when 364 is divided by 117.
13
Calculate the remainder when 543 is divided by 74.
25
Calculate the remainder when 124 is divided by 16.
12
What is the remainder when 18154 is divided by 102?
100
What is the remainder when 544 is divided by 6?
4
What is the remainder when 214 is divided by 27?
25
What is the remainder when 431 is divided by 86?
1
What is the remainder when 2215 is divided by 2214?
1
Calculate the remainder when 265 is divided by 229.
36
Calculate the remainder when 1143 is divided by 57.
3
What is the remainder when 1018 is divided by 64?
58
What is the remainder when 1581 is divided by 108?
69
Calculate the remainder when 131 is divided by 32.
3
Calculate the remainder when 137 is divided by 25.
12
Calculate the remainder when 7523 is divided by 175.
173
Calculate the remainder when 865 is divided by 17.
15
What is the remainder when 209 is divided by 103?
3
Calculate the remainder when 147 is divided by 34.
11
Calculate the remainder when 15 is divided by 5.
0
What is the remainder when 271 is divided by 68?
67
What is the remainder when 358 is divided by 88?
6
What is the remainder when 736 is divided by 67?
66
What is the remainder when 1130 is divided by 280?
10
Calculate the remainder when 623 is divided by 155.
3
What is the remainder when 105 is divided by 78?
27
Calculate the remainder when 175 is divided by 40.
15
Calculate the remainder when 154 is divided by 13.
11
Calculate the remainder when 272 is divided by 13.
12
What is the remainder when 387 is divided by 135?
117
Calculate the remainder when 609 is divided by 22.
15
What is the remainder when 621 is divided by 90?
81
What is the remainder when 69 is divided by 38?
31
Calculate the remainder when 154 is divided by 50.
4
Calculate the remainder when 1677 is divided by 334.
7
Calculate the remainder when 1234 is divided by 17.
10
Calculate the remainder when 43 is divided by 35.
8
What is the remainder when 333 is divided by 16?
13
Calculate the remainder when 273 is divided by 137.
136
Calculate the remainder when 878 is divided by 180.
158
Calculate the remainder when 281 is divided by 79.
44
What is the remainder when 831 is divided by 251?
78
Calculate the remainder when 194 is divided by 169.
25
Calculate the remainder when 1346 is divided by 235.
171
What is the remainder when 435 is divided by 128?
51
Calculate the remainder when 43 is divided by 23.
20
What is the remainder when 989 is divided by 74?
27
What is the remainder when 10412 is divided by 62?
58
Calculate the remainder when 229 is divided by 3.
1
What is the remainder when 950 is divided by 68?
66
Calculate the remainder when 139 is divided by 18.
13
Calculate the remainder when 132 is divided by 6.
0
Calculate the remainder when 279 is divided by 74.
57
What is the remainder when 2142 is divided by 444?
366
Calculate the remainder when 2516 is divided by 42.
38
What is the remainder when 257 is divided by 20?
17
What is the remainder when 543 is divided by 139?
126
Calculate the remainder when 43 is divided by 24.
19
Calculate the remainder when 78 is divided by 41.
37
What is the remainder when 97 is divided by 25?
22
What is the remainder when 34 is divided by 21?
13
Calculate the remainder when 561 is divided by 50.
11
Calculate the remainder when 81 is divided by 7.
4
Calculate the remainder when 649 is divided by 74.
57
What is the remainder when 1413 is divided by 129?
123
Calculate the remainder when 1922 is divided by 174.
8
Calculate the remainder when 829 is divided by 93.
85
What is the remainder when 569 is divided by 29?
18
What is the remainder when 8735 is divided by 15?
5
Calculate the remainder when 113 is divided by 2.
1
What is the remainder when 1431 is divided by 36?
27
What is the remainder when 963 is divided by 191?
8
What is the remainder when 248 is divided by 176?
72
What is the remainder when 1368 is divided by 52?
16
What is the remainder when 334 is divided by 37?
1
What is the remainder when 86 is divided by 29?
28
Calculate the remainder when 502 is divided by 172.
158
Calculate the remainder when 58 is divided by 7.
2
What is the remainder when 245 is divided by 82?
81
What is the remainder when 48 is divided by 13?
9
What is the remainder when 163 is divided by 17?
10
Calculate the remainder when 9964 is divided by 11.
9
Calculate the remainder when 2508 is divided by 624.
12
Calculate the remainder when 164 is divided by 21.
17
Calculate the remainder when 4120 is divided by 18.
16
Calculate the remainder when 1072 is divided by 134.
0
Calculate the remainder when 1867 is divided by 67.
58
What is the remainder when 201 is divided by 56?
33
Calculate the remain